is the highest common divisor of 344 and q?
43
Let x(z) = 116*z + 183. Let v be x(4). Let c = v - 584. Let u = 44 + -23. Calculate the greatest common divisor of u and c.
21
Let l be 20/(-310) + (-169648)/(-248). Calculate the highest common divisor of l and 828.
36
Suppose 84*d + 17*d + 143*d - 23424 = 0. Calculate the highest common factor of d and 276.
12
Let n = -113 - -115. Suppose -3*d = 2*b - 225, -d - b - n*b + 68 = 0. What is the highest common factor of 7 and d?
7
Suppose -4*j + 1626 = 2*i, 2*j + 5*i - 327 = 506. Suppose -38 = -6*r - 2*o, 3138*o = r + 3139*o - 11. Calculate the highest common factor of j and r.
4
Let s = 4110 + -3510. Calculate the greatest common factor of s and 96.
24
Suppose -5*l = 2*b - 500, 37*b - 316 = -3*l + 39*b. What is the highest common divisor of l and 5032?
34
Let m = -64 - -62. Let a be 27/(-18) + (-109)/m. Let w = 179 - a. What is the greatest common divisor of w and 14?
14
Let t(w) = 6*w**2 - 47*w + 8. Let f be t(10). Let q = f + -39. Calculate the greatest common divisor of q and 9.
9
Let q(h) = 2*h**2 + 13*h + 14. Let o be q(-6). Suppose 0 = p + a - 5, 0 = 4*a - o. What is the greatest common factor of 39 and p?
3
Let y be (-46)/2*16/(384/(-24)). What is the highest common divisor of y and 9568?
23
Let v(a) = 36*a + 1978. Let d be v(-54). Let n(m) = m**3 + 8*m**2 - 2*m + 1. Let u be n(-8). Calculate the highest common factor of u and d.
17
Suppose -3*c - 28*c + 20770 = 0. Suppose 35 = 2*k - 3*j, 47 = 4*k - 4*j - 13. Calculate the highest common factor of k and c.
10
Let w(x) = 6*x - 42. Let c(i) = -3*i**2 + 14*i + 2. Let n be c(4). Let m be w(n). Let g be 34/3 - 4/(-6). What is the highest common factor of g and m?
6
Let h = -16470 - -19668. Calculate the highest common factor of 390 and h.
78
Let n be (68/(-12) + 7)*3. Suppose 2*s - n*f - 140 = 0, 376 = 6*s - s + 3*f. What is the highest common factor of s and 740?
74
Let s be ((-30)/(-4))/(15/(-40)). Let t be (45/s)/((-12)/224). Let c(x) = 2*x - 6. Let d be c(6). What is the greatest common divisor of d and t?
6
Let a(h) = 9*h + 4. Let g(p) = -p. Let b(v) = 2*a(v) - 2*g(v). Let s be b(0). What is the highest common factor of 216 and s?
8
Let y = 33955 + -17323. What is the greatest common divisor of y and 432?
216
Let t(q) = -q**3 - 6*q**2 + 4*q - 12. Let r = 12 - 19. Let g be t(r). Suppose 4*v - g*v + 80 = 0. What is the highest common divisor of 2 and v?
2
Suppose -583 - 641 = -8*u. Suppose 3*m = -u + 159. Let t = -22 - -44. Calculate the greatest common divisor of m and t.
2
Suppose -x + 158 = 4*i - 2*x, 4*x = i - 32. Suppose -5*t - 2090 = -43*t. Suppose -7*h + t = -1. What is the highest common divisor of h and i?
8
Suppose -4*h = 4*p - 64, -2*h = -4*p + 802 - 828. Calculate the greatest common divisor of 162 and h.
3
Let y(u) = -u**2 - 43*u - 10. Let o be y(-10). Let k = 3 + 0. Let l(a) = 12*a - 4. Let h be l(k). Calculate the greatest common divisor of h and o.
32
Let x(n) = 2*n**2 - 69*n - 167. Let s be x(37). What is the highest common divisor of 6462 and s?
18
Let q be (6/(-6) + 0)*-3. Suppose q*l - 95 - 10 = 0. Let v be (3 + -2)*(-5)/(-1). Calculate the highest common divisor of v and l.
5
Suppose 52 - 388 = -3*b. Let q = -117 + b. Let g be q/(105/(-5592)) + 4/(-14). Calculate the highest common factor of g and 38.
38
Suppose d = -4*b + 29, 0 = -4*b - 3*d + 5 + 34. Suppose 34 = b*z - 2. Let u = 301 - 247. What is the highest common divisor of z and u?
6
Let u be (-58)/(-87) - 94042/(-3). Calculate the highest common divisor of u and 17.
17
Suppose -2*w - 3239 = -11*v + 6*v, -w = -3*v + 1943. Let q = v + -637. What is the greatest common divisor of q and 230?
10
Let d = -4303 + 4310. What is the highest common divisor of d and 2177?
7
Let h be (23912/(-1176))/(2/(-144)). What is the highest common divisor of h and 304?
8
Let f be (4/5)/((-14)/(-35)). Let m be 120 - (f - (3 - 4)). Let v = -1947 + 1956. Calculate the greatest common factor of v and m.
9
Let m(p) be the first derivative of p**4/4 + 10*p**3 - 17*p**2 + 78*p + 9. Let r be m(-31). Calculate the highest common factor of r and 27.
9
Let r(t) = 4*t + 165. Let z = -11 + 11. Suppose z*k = -6*k. Let w be r(k). Calculate the greatest common factor of 15 and w.
15
Suppose 3*m = 30 + 27. Suppose -7*y = -9 - m. Let s be (y/(-10))/(0 + 3/(-270)). What is the greatest common divisor of 12 and s?
12
Suppose 5 = c - 3*p, 2*p + 1 = -5*c + 43. Suppose -i + 72 + 128 = 4*r, 4*r = -5*i + 1064. Calculate the highest common factor of c and i.
8
Suppose 202 = 2*p - 2*f, -8*f - 217 = -2*p - 3*f. What is the greatest common divisor of 660 and p?
12
Let y(s) be the third derivative of -s**4/3 - 22*s**3/3 - 4*s**2. Let x be 4/18*-6*(-90)/(-20). Let c be y(x). Calculate the highest common divisor of c and 12.
4
Suppose 0 = -2*f + 7*f + 3*z - 324, -4*f + z + 266 = 0. Let y = 73 - f. Suppose y = -5*a + 172. Calculate the greatest common divisor of 22 and a.
11
Let f(i) = 81 + 10*i - 34 + 114 + 164. Let j be f(-27). What is the greatest common divisor of j and 220?
55
Suppose 14*y - 9*y + 35 = 0, 2*a = y + 9747. What is the greatest common factor of 10 and a?
10
Suppose -18*n + 15*n + 5*w + 6741 = 0, -5*n = -3*w - 11267. Calculate the highest common divisor of 37 and n.
37
Suppose -625 = 32*r - 27*r. Let l = r - -76. Let n = l + 50. What is the greatest common factor of 8 and n?
1
Let c = 12709 + -12345. What is the greatest common divisor of 351 and c?
13
Let r(q) = 92*q + 708. Let v be r(0). What is the greatest common factor of v and 144?
12
Let m = 462 - 426. Suppose 3*q - 8*q = 4*y - 237, 5*y = -q + 312. What is the greatest common divisor of m and y?
9
Let a(g) = -g**2 + 17*g - 26. Suppose 294*z - 112 = 286*z. Let s be a(z). Calculate the greatest common divisor of 1552 and s.
16
Let a(b) = 8*b - 48. Let t be a(6). Suppose -4*x - 2*m + 4*m + 112 = t, -2*x = -2*m - 58. Calculate the greatest common divisor of x and 234.
9
Let d be ((-7 - -5)*9)/((-2)/4). Suppose 0 = -3*t - f + 22, -4*t - 4*f + 21 + 3 = 0. What is the greatest common factor of t and d?
4
Let o(p) = 3*p - 3. Let d be o(2). Suppose 0 = -d*u - 2 + 8. Suppose 2*g = -5*a - 0 + 12, 4*g + 16 = 0. What is the greatest common divisor of a and u?
2
Let s = 1719 - 1509. Calculate the greatest common divisor of s and 1344.
42
Suppose -347*t + 4136 = -259*t. Let v = 2091 - 1198. What is the highest common factor of t and v?
47
Let y(u) = 384*u. Let k be y(-1). Suppose -2006 = 7*l - 326. Let x = l - k. What is the greatest common factor of 16 and x?
16
Let h be (9 - 5)*4 + 0 + 1. Suppose -h*t + 71 = -473. Suppose -54 = -x + 42. Calculate the highest common factor of t and x.
32
Let j(z) = -4*z - 228. Let u be j(0). Let y = u + 276. What is the greatest common factor of 120 and y?
24
Let n be (-12)/(-42) + (-90)/21. Let c be 9/(-18)*(n + -74). What is the highest common divisor of c and 9?
3
Let f be (-6)/(-8) + (-990)/704*-8. What is the greatest common divisor of 5298 and f?
6
Suppose -8*z + 14*z = -996. Let p = z + 174. What is the highest common factor of 8 and p?
8
Let y be (-5)/10 - 87/(-6). Suppose 2*t + 3*f = f, 2*f = t - 12. Let o be t + (-2)/2*-31. Calculate the highest common factor of o and y.
7
Let l = -9307 - -18732. What is the highest common factor of 25 and l?
25
Let k(a) = 6*a**2 - 57*a + 221. Let t be k(4). Suppose 12*n + 5*j = 8*n + 1770, -6 = 3*j. Calculate the greatest common factor of t and n.
89
Suppose -2*f + 12*o = 9*o - 8, f - o = 2. Let q be (-128)/4*9/(-6) - f. What is the highest common divisor of q and 110?
10
Let a be 2/1 - (5 - (-18)/(-3)). Let t be (-1 - -2)/6 + (-9758)/(-204). Calculate the greatest common divisor of t and a.
3
Let k = -99 + 72. Let d be (-120)/(18/6 + k/6). Suppose 8*c = -2*c + d. Calculate the highest common divisor of c and 16.
8
Let x(r) = 32*r - 32. Let j be x(11). Let z = -4 + 24. What is the highest common divisor of z and j?
20
Suppose 1446*p = 1472*p - 2704. What is the highest common factor of p and 234?
26
Suppose -45*u = -44*u - 475. Suppose -u = 8*b + 173. Let o = b + 83. Calculate the highest common divisor of 2 and o.
2
Let u(j) = -5*j - 15. Let a be u(-9). Suppose -a = -n + 7*n. Let o be n/2*(-12)/6*22. Calculate the highest common factor of o and 10.
10
Let j be ((-138)/(-4 - -1